ultiple of 31?
False
Is 74 a factor of 2650755?
False
Is 279 a factor of 313875?
True
Is 160145 a multiple of 6?
False
Is 90987 a multiple of 28?
False
Is 242193 a multiple of 33?
False
Is 63 a factor of 163155?
False
Is 1447530 a multiple of 14?
True
Does 47 divide 20531571?
False
Does 31 divide 292671?
True
Is 82 a factor of 138582?
False
Does 865 divide 2545695?
True
Does 260 divide 1383720?
True
Is 1666581 a multiple of 1281?
True
Is 269579 a multiple of 21?
False
Does 167 divide 87278?
False
Does 76 divide 280668?
True
Is 16 a factor of 2515376?
True
Is 6 a factor of 281985?
False
Does 16 divide 219351?
False
Is 2072506 a multiple of 195?
False
Does 788 divide 1501040?
False
Is 51 a factor of 5380908?
True
Is 85825 a multiple of 108?
False
Is 144585 a multiple of 505?
False
Does 198 divide 802890?
True
Does 229 divide 682827?
False
Is 402 a factor of 4091154?
True
Does 136 divide 173919?
False
Is 67 a factor of 51992?
True
Is 998997 a multiple of 9?
False
Is 64 a factor of 444800?
True
Does 98 divide 66455?
False
Does 94 divide 2825112?
False
Does 317 divide 5105285?
True
Is 459 a factor of 1651876?
False
Is 102 a factor of 1031997?
False
Does 16 divide 4662284?
False
Does 1361 divide 9242551?
True
Is 8 a factor of 482816?
True
Is 194025 a multiple of 75?
True
Is 2143302 a multiple of 15?
False
Is 121 a factor of 202199?
False
Is 2921761 a multiple of 36?
False
Is 27 a factor of 316872?
True
Is 91 a factor of 3588946?
False
Is 12 a factor of 1927920?
True
Is 186 a factor of 2605116?
True
Does 27 divide 26649?
True
Does 10 divide 5748080?
True
Is 1112061 a multiple of 56?
False
Does 18 divide 35192?
False
Is 3028550 a multiple of 70?
True
Does 2 divide 133810?
True
Does 102 divide 268171?
False
Is 256 a factor of 1108104?
False
Is 271934 a multiple of 24?
False
Is 787816 a multiple of 76?
True
Does 12 divide 11737439?
False
Is 547531 a multiple of 557?
True
Does 35 divide 37418?
False
Does 13 divide 17368?
True
Is 9865415 a multiple of 481?
False
Is 163304 a multiple of 137?
True
Is 3751162 a multiple of 22?
False
Is 21 a factor of 1492281?
True
Is 13 a factor of 32870?
False
Does 334 divide 510686?
True
Is 37 a factor of 1054722?
True
Is 10 a factor of 90950?
True
Does 28 divide 331443?
False
Is 25 a factor of 1392175?
True
Does 761 divide 18320461?
False
Is 3 a factor of 612374?
False
Is 8214238 a multiple of 523?
True
Is 45 a factor of 14996062?
False
Does 12 divide 16428?
True
Does 88 divide 1783686?
False
Is 478 a factor of 9175210?
True
Is 551341 a multiple of 282?
False
Does 356 divide 2255213?
False
Is 4 a factor of 231264?
True
Is 68 a factor of 27336?
True
Is 464 a factor of 3090815?
False
Does 55 divide 8940635?
True
Is 354849 a multiple of 647?
False
Is 25 a factor of 1520500?
True
Is 27 a factor of 9556893?
True
Is 145 a factor of 24984255?
False
Is 590613 a multiple of 232?
False
Is 85678 a multiple of 8?
False
Is 7309008 a multiple of 432?
True
Does 12 divide 6446?
False
Does 35 divide 143360?
True
Does 35 divide 314002?
False
Does 84 divide 8473399?
False
Does 18 divide 937206?
True
Does 44 divide 4326564?
True
Does 3 divide 763070?
False
Is 64780 a multiple of 164?
True
Is 267 a factor of 105465?
True
Is 6171312 a multiple of 84?
True
Is 125 a factor of 64750?
True
Does 92 divide 58052?
True
Is 11 a factor of 16024701?
True
Does 99 divide 1033192?
False
Is 304558 a multiple of 118?
True
Is 665328 a multiple of 166?
True
Does 1067 divide 5767776?
False
Is 1379333 a multiple of 182?
False
Is 98340 a multiple of 55?
True
Is 8335816 a multiple of 157?
False
Is 260712 a multiple of 153?
True
Does 288 divide 1091232?
True
Is 332072 a multiple of 13?
True
Does 312 divide 1003392?
True
Is 14 a factor of 2861824?
True
Is 993202 a multiple of 55?
False
Is 327436 a multiple of 109?
True
Is 15 a factor of 209481?
False
Is 3693090 a multiple of 15?
True
Is 650565 a multiple of 9?
True
Is 216 a factor of 43218?
False
Is 311762 a multiple of 24?
False
Does 256 divide 399613?
False
Is 1023786 a multiple of 27?
True
Is 63 a factor of 43064?
False
Does 11 divide 51392?
True
Is 106 a factor of 412128?
True
Is 445 a factor of 283904?
False
Does 622 divide 9330?
True
Is 3 a factor of 1009850?
False
Is 15720 a multiple of 60?
True
Is 139434 a multiple of 143?
False
Does 86 divide 215602?
True
Is 189 a factor of 127008?
True
Is 3768472 a multiple of 761?
True
Is 200560 a multiple of 16?
True
Is 2552 a multiple of 328?
False
Is 7 a factor of 160618?
False
Is 17109 a multiple of 2?
False
Is 95811 a multiple of 11?
False
Is 32 a factor of 736146?
False
Is 9 a factor of 11961?
True
Is 59 a factor of 113948?
False
Does 90 divide 583920?
True
Is 27 a factor of 116343?
True
Does 129 divide 69126?
False
Does 1364 divide 6283669?
False
Does 197 divide 998901?
False
Does 18 divide 2448276?
False
Is 414789 a multiple of 345?
False
Does 45 divide 562725?
True
Is 1158415 a multiple of 285?
False
Is 431608 a multiple of 383?
False
Does 50 divide 2066310?
False
Is 13347354 a multiple of 12?
False
Does 80 divide 3358018?
False
Is 730665 a multiple of 9?
True
Does 96 divide 104635?
False
Is 990039 a multiple of 380?
False
Does 45 divide 59267?
False
Does 303 divide 121806?
True
Does 414 divide 2777492?
False
Is 597835 a multiple of 133?
True
Does 110 divide 2088204?
False
Does 848 divide 3973728?
True
Is 698 a factor of 1773618?
True
Does 2 divide 93957?
False
Is 34 a factor of 42568?
True
Does 95 divide 8044077?
False
Is 19479 a multiple of 129?
True
Is 2637822 a multiple of 1122?
True
Is 1680 a factor of 12722790?
False
Is 44 a factor of 2398528?
True
Does 102 divide 1170363?
False
Is 3 a factor of 10785?
True
Is 56 a factor of 519404?
False
Is 4 a factor of 1421604?
True
Does 121 divide 50941?
True
Does 301 divide 341024?
False
Is 3996 a multiple of 74?
True
Is 5382 a multiple of 23?
True
Is 8 a factor of 788152?
True
Is 1248338 a multiple of 722?
True
Is 8 a factor of 4975433?
False
Is 43 a factor of 265009?
True
Is 14 a factor of 8884050?
True
Is 15 a factor of 141105?
True
Is 517950 a multiple of 9?
True
Is 21976 a multiple of 164?
True
Does 63 divide 11257785?
True
Is 14 a factor of 605724?
True
Is 18144 a multiple of 14?
True
Is 22472 a multiple of 53?
True
Is 458081 a multiple of 211?
True
Does 54 divide 5130?
True
Is 1584 a multiple of 8?
True
Is 44 a factor of 95612?
True
Is 687337 a multiple of 175?
False
Is 17 a factor of 79577?
True
Does 54 divide 1326308?
False
Is 12 a factor of 193512?
True
Does 82 divide 361749?
False
Is 6096645 a multiple of 915?
True
Is 1862 a factor of 7239456?
True
Is 929344 a multiple of 52?
True
Is 79 a factor of 220568?
True
Is 1699502 a multiple of 14?
True
Is 20 a factor of 470420?
True
Does 34 divide 46342?
True
Is 369 a factor of 685971?
True
Does 2 divide 31102?
True
Is 488610 a multiple of 534?
True
Is 62 a factor of 1351314?
False
Is 326876 a multiple of 391?
True
Is 141150 a multiple of 75?
True
Does 177 divide 178272?
False
Is 11 a factor of 869620?
False
Is 10 a factor of 1328648?
False
Is 809486 a multiple of 275?
False
Does 2 divide 161192?
True
Is 52592 a multiple of 128?
False
Does 22 divide 118228?
True
Is 112665 a multiple of 29?
True
Is 615177 a multiple of 6?
False
Does 9 divide 16562?
False
Is 54927 a multiple of 153?
True
Is 4035970 a multiple of 632?
False
Is 141 a factor of 173712?
True
Does 10 divide 801030?
True
Does 9 divide 33991?
False
Does 1246 divide 9149010?
False
Does 59 divide 432942?
True
Is 113733 a multiple of 139?
False
Does 403 divide 5866874?
True
Is 935 a multiple of 187?
True
Is 604 a factor of 1744956?
True
Is 57 a factor of 1484109?
True
Does 156 divide 123552?
True
Is 1671288 a multiple of 58?
False
Is 39 a factor of 3560476?
False
Does 9 divide 1945269?
True
Is 1321733 a multiple of 55?
False
Is 186 a factor of 89838?
True
Does 613 divide 4945540?
False
Is 1899179 a multiple of 71?
True
Does 324 divide 1670960?
False
Is 653490 a multiple of 128?
False
Does 889 divide 1497771?
False
Is 13 a factor of 5184203?
False
Does 31 divide 101804?
True
Is 19 a factor of 64639?
False
Is 774252 a multiple of 6?
True
Does 93 divide 755422?
False
Is 5 a factor of 56655?
True
Is 78378 a multiple of 8?
False
Does 34 divide 94591?
False
Does 39 divide 480370?
False
Is 606494 a multiple of 23